 - -1) - 0.
4
Suppose 5*o + w - 28 = 0, 3*o - 3*w = -w + 22. Suppose -4*d + 6*d = 0. Suppose 0 = -d*y - y + 16. Calculate the remainder when y is divided by o.
4
Let a = 53 + -32. Calculate the remainder when 83 is divided by a.
20
Let r(p) = -6*p + 2. What is the remainder when 14 is divided by r(-1)?
6
Let t be (1 + -2 - -1)/(-2). Suppose 0*a - 2*a + 4 = t. Suppose u + a*u - 87 = 0. What is the remainder when u is divided by 15?
14
Let b be 90/(-4)*6/(-9). Suppose 20*t = b*t + 155. What is the remainder when t is divided by 17?
14
Let g = 30 - 20. Suppose -2*q + 4*s = 2*q - 80, s = -2. What is the remainder when q is divided by g?
8
Let n(s) = -s**2 + 19*s + 24. What is the remainder when 15 is divided by n(20)?
3
Suppose -2*b - 101 - 233 = 0. Let v = b - -240. What is the remainder when v is divided by 25?
23
Calculate the remainder when ((-162)/(-15))/((-21)/(-140)) is divided by 15.
12
Let m be 3/2*(-24)/(-36). Let x(i) = 20*i**2 - 1. Suppose 2*h - 3*h + 5*s + 16 = 0, 0 = 4*h + s - 43. What is the remainder when x(m) is divided by h?
8
Let l be 8/(-6) - (-2)/(-3). Let p = 6 + l. Suppose p*i - 18 = 46. What is the remainder when 30 is divided by i?
14
Let f(b) = b**2 - 10*b + 3. Let o be f(10). Suppose -v + 5*i - o = -4*v, v + 3*i = -3. Calculate the remainder when 17 is divided by v.
5
Let h(j) = -j**2 - 4*j. Let v be h(-3). Suppose t - 52 = -v*s - t, -3*t = 12. Calculate the remainder when s is divided by 7.
6
Let s(w) = w**3 - w**2 - w + 44. Let g(x) = -5*x**3 + 6*x**2 + 5*x - 219. Let y(v) = 2*g(v) + 11*s(v). What is the remainder when y(0) is divided by 16?
14
Let k(u) = 3*u + 4. Let q be k(3). Suppose 3*a - 11 = q. Calculate the remainder when 29 is divided by a.
5
Suppose 12*n + 4*n = 992. What is the remainder when n is divided by 7?
6
What is the remainder when (36/15)/((-3)/(-45)) is divided by 13?
10
Suppose 5*r = -2*y + 112, -4*y - 16 = -r + 2. Let t = 21 - 12. Let c = -3 + t. What is the remainder when r is divided by c?
4
Suppose 8 = 3*h - 2*h. Let w be 56/6 - 8/(-12). Suppose 3*s - s = w. What is the remainder when h is divided by s?
3
Let b(q) = -q - 5. Let f(x) = -x**2 - x + 4. Let y be f(3). What is the remainder when 5 is divided by b(y)?
2
Let m(l) = -l**2 - 4*l**2 + 4 + 6*l**2 - l. Let t be m(9). Suppose -t = -3*a - a. What is the remainder when a is divided by 7?
5
Suppose 21 = -3*v + 4*v. Calculate the remainder when v is divided by (-2)/(-1) + (9 - -1).
9
Let x = 79 - 38. Let b = 0 - -11. Calculate the remainder when x is divided by b.
8
Calculate the remainder when 27 is divided by 3/(-5 + (-190)/(-35)).
6
Let q = -504 - -524. Let s = 196 - 118. Calculate the remainder when s is divided by q.
18
Suppose 0 = -3*t - t - 52. Let w(a) = -a**3 - 12 + 0*a**3 - 12*a**2 + 0*a**3 + 11*a. Calculate the remainder when 40 is divided by w(t).
12
Calculate the remainder when (-2)/3*(-1863)/46 is divided by 4.
3
Let i be 3/(-15) - 1/(-5). Calculate the remainder when 12 is divided by (4 - i) + 2 + -1.
2
Let v(m) = -7*m - 2. Suppose -5*i - 5 - 10 = 0. What is the remainder when 56 is divided by v(i)?
18
Suppose 0 = -3*u + 5*j + 179, -u + 0*j + j + 57 = 0. What is the remainder when 103 is divided by u?
50
Let y(o) = 3*o + 10. Let v be y(-14). Suppose -3*s - 98 = 5*q, 37 = -4*q + 2*q + s. Let d = q - v. What is the remainder when 25 is divided by d?
12
Suppose -2*b - 3*b = -525. What is the remainder when b is divided by 27?
24
Let u(l) = -2*l**2 + 4*l - 2*l - 4*l - 1 - 51*l**3. Let b(r) = r**2 - r - 3. Calculate the remainder when u(-1) is divided by b(-4).
16
Let v(h) = 0*h + h**2 + 5*h - 5*h + 5*h + 6. Let a = -4 - 1. Calculate the remainder when 17 is divided by v(a).
5
Let m = 60 - 18. Calculate the remainder when 81 is divided by m.
39
Let q(p) = 2*p**2 - 7*p + 6. Let c be q(7). Suppose 5*t = -m + 140, 0 = t - m - c + 21. What is the remainder when t is divided by (10 - -10)/(1 + 1)?
9
Suppose -28 = -3*i - t, 3*i - 29 - 1 = -3*t. Calculate the remainder when i is divided by (-56)/(-21)*(-6)/(-4).
1
Let k = 32 + -28. What is the remainder when 15 is divided by k?
3
Suppose -188 - 428 = -8*c. What is the remainder when c is divided by 20?
17
Let d be 1*3*(-16)/12. Let o = d + -1. Calculate the remainder when 29 is divided by -2 - (3 + o) - -15.
14
Let k = -1 - -3. Suppose k*h + 10 = 3*h. Let m = 2 - -26. What is the remainder when m is divided by h?
8
Let z(a) = a**2 - 4*a + 3. Let q be z(2). Calculate the remainder when 13 is divided by (20/(-8))/(q/2).
3
Let o be 2 - (-1)/((-1)/(-16)). Suppose o + 27 = 5*s. Let t = 55 + -50. Calculate the remainder when s is divided by t.
4
Let n be (-6)/(-5)*(-30)/(-9). Let u(h) = 1 + 8*h - 3 + h. What is the remainder when u(n) is divided by 12?
10
Let x be (-6)/(90/(-28) - -3). Suppose 3*u = 4*r + x + 23, -67 = -4*u + 5*r. What is the remainder when u is divided by 7?
6
Let d(n) = n**2 + 2*n - 7. Let v = 12 - 7. Calculate the remainder when d(v) is divided by (-6)/(-8)*-10*-2.
13
Let m be -1*(-2 - (57 - 0)). Let y = 169 - m. What is the remainder when y is divided by 28?
26
Suppose -304 = 6*q - 10*q. What is the remainder when q is divided by 39?
37
What is the remainder when 22 is divided by (-8)/(-28) + ((-120)/(-21) - -2)?
6
Let w(g) = -g + 4*g + 2 - g**3 + 5*g**2 + g - g. What is the remainder when w(5) is divided by 5?
2
Let w(i) = -i + 7. Suppose 3*n = n + 10. Let b be w(n). Let t = 0 + b. What is the remainder when 4 is divided by t?
0
Let v = -71 + 101. What is the remainder when v is divided by 10?
0
Suppose -12 = 3*f - 4*f - n, 5*f + 2*n - 66 = 0. Let z = -64 + 91. What is the remainder when z is divided by f?
13
Let k = 7 + -5. Suppose 7*u = k*u + 225. What is the remainder when u is divided by 16?
13
Suppose 374 = 4*p - 2*o, 4*o + 0*o = 3*p - 278. What is the remainder when p is divided by 32?
30
Let b = 4 + -20. Let y = -19 - -25. Calculate the remainder when (-1)/((-15)/b + -1) is divided by y.
4
Let w(z) = -z**3 - 7*z**2 - 8*z - 6. Let j be w(-6). What is the remainder when (-6 - -8) + j/2 is divided by 4?
1
Let r be ((-54)/4)/(15/120). Calculate the remainder when 35 is divided by (r/(-12))/(1/1).
8
Let v(q) be the third derivative of 0*q + 1/12*q**5 + 0 + q**2 - 1/3*q**3 + 1/12*q**4. What is the remainder when v(2) is divided by 12?
10
Suppose -s = -3*s - 14. Let k = s - -16. Calculate the remainder when 8*(3 + k/(-4)) is divided by 4.
2
Let u = -18 + 16. Let o(y) = -4*y - 1 - 8*y - 5*y. What is the remainder when o(u) is divided by 9?
6
Let r(t) = 5*t - 8. Suppose z = -0*z + 4. What is the remainder when r(3) is divided by z?
3
Let m = -47 - -58. What is the remainder when 43 is divided by m?
10
Suppose 5*z - 4*y = 25 + 19, 0 = y - 4. Calculate the remainder when (-1)/3 - (-402)/18 is divided by z.
10
Let v(a) = 8*a**3 + 3*a**2 + 4*a + 3. Let l be v(-2). Suppose 3*x + 0*x - 57 = 0. What is the remainder when (-2)/(1 + l/54) is divided by x?
17
Let s = 15 + -3. What is the remainder when 58 is divided by s?
10
Suppose -f + 80 = 4*k, -2*k - 4*f + 54 = -0*k. Suppose -3*d + k - 7 = 0. What is the remainder when 11 is divided by d?
3
Let w be 1 + 1*2 + -1. Let b(z) = -z**2 + 14*z + 20. Let j be b(15). Suppose -5*g = 0, -g + w = -3*x + j. Calculate the remainder when 2 is divided by x.
0
Suppose 7 = 2*f - f. Suppose -10 = -2*d + b, 0*d = d - 3*b - 10. What is the remainder when f is divided by d?
3
Let v(y) = -2*y + 4. Let h(f) = f**2 + 3*f - 3. Let w be h(-5). Let p = 23 + w. Calculate the remainder when p is divided by v(-6).
14
Let r(f) = f**3 + 11*f**2 + 19*f + 24. What is the remainder when 133 is divided by r(-9)?
13
Suppose 3*p + p - 5 = -j, -4*j + 3*p = -20. Suppose -y = 3*b + 3*y - 23, -j = -b - 2*y. Calculate the remainder when 76 is divided by b.
11
Let i(l) = l**3 + 10*l**2 + 5*l - 3. What is the remainder when i(-9) is divided by 17?
16
Suppose 0*z + 26 = 3*x - z, 4*z = -4*x + 24. Suppose 2*c + 0*h = -4*h + 58, 50 = 2*c + 2*h. Calculate the remainder when c is divided by x.
5
Let s(m) = 40*m**3 + 3*m - 3. Calculate the remainder when s(1) is divided by 16.
8
Suppose 2*y + 360 = 6*y. Suppose -4*z - 22 = -y. Suppose 260 = 5*s - s. What is the remainder when s is divided by z?
14
Let o = 5 + 5. What is the remainder when o is divided by 6?
4
Suppose 8 + 88 = 3*t.